{"id":104,"date":"2008-11-07T18:23:06","date_gmt":"2008-11-07T16:23:06","guid":{"rendered":"http:\/\/dk5ras.dyndns.org\/www\/db0fue\/?page_id=104"},"modified":"2019-11-17T21:16:04","modified_gmt":"2019-11-17T20:16:04","slug":"qth","status":"publish","type":"page","link":"https:\/\/dk5ras.dyndns.org\/www\/db0fue\/qth\/","title":{"rendered":"QTH"},"content":{"rendered":"<p>Der Standort befindet sich an einem der h\u00f6chsten Punkte F\u00fcrths auf dem Dach eines Hochhauses, Antennenh\u00f6he ca. 320 m bzw. ca. 50m \u00fcber Grund, siehe auch folgende Ansicht aus Google-maps (das Relais steht am s\u00fcdlichen Endes des Daches: <a href=\"https:\/\/www.google.com\/maps\/@49.4806673,10.9567997,52m\/data=!3m1!1e3\" target=\"_blank\" rel=\"noopener noreferrer\">Standort<\/a> als externer link zu <a href=\"http:\/\/maps.google.com\" target=\"_blank\" rel=\"noopener noreferrer\">maps.google.com<\/a>.<\/p>\n<p>Und hier eine Prognose zur Reichweite des 70cm-Teils des Relais, aus der Sicht eines Fahrzeugfunkger\u00e4tes mit lambda\/4-Antenne in 1.5m H\u00f6he, bei 0.5\u00b5V Squelch-Schwelle: <a href=\"https:\/\/dk5ras.dyndns.org\/www\/db0fue\/wp-content\/uploads\/db0fue.jpg\" target=\"_blank\" rel=\"noopener noreferrer\">Reichweitenvorhersage<\/a> als JPEG, ca. 300kB. Erstellt wurde die Prognose mit der software Radio Mobile, siehe dazu <a href=\"http:\/\/www.ve2dbe.com\/english1.html\" target=\"_blank\" rel=\"noopener noreferrer\">website Radio Mobile<\/a>. Der Vergleich der Karte mit der Realit\u00e4t hat ergeben, da\u00df die Karte realistisch ist und die Schwachstellen der Versorgung deutlich aufzeigt; allerdings scheint real die Versorgung einen kleinen Tick besser zu sein als es die Karte erwarten l\u00e4\u00dft. Dies mag mit daran liegen, da\u00df die Funkger\u00e4te \u00fcblicherweise besser sind als die angenommene Empfindlichkeit von 0.5 \u00b5V, und da\u00df auch meist Mobilantennen mit Gewinn in Verwendung sind. Dennoch sind die Abschattungen im S\u00fcdwesten real im Betrieb zu bemerken und durchaus massiv; auch ist Handfunkger\u00e4teversorgung &#8222;indoor&#8220; f\u00fcr N\u00fcrnberg wohl nur im Nordwesten gegeben. Der Rest des N\u00fcrnberger Stadtgebietes ist aber zumindest f\u00fcr Fahrzeugfunkger\u00e4te erschlossen, und man bekommt als Fu\u00dfg\u00e4nger auch mit dem Handfunkger\u00e4t &#8222;outdoor&#8220; Verbindung. Das Stadtgebiet F\u00fcrth dagegen ist sehr gut versorgt, wie es ja auch die Intention der Installation ist.<\/p>\n","protected":false},"excerpt":{"rendered":"<p>Der Standort befindet sich an einem der h\u00f6chsten Punkte F\u00fcrths auf dem Dach eines Hochhauses, Antennenh\u00f6he ca. 320 m bzw. ca. 50m \u00fcber Grund, siehe auch folgende Ansicht aus Google-maps (das Relais steht am s\u00fcdlichen Endes des Daches: Standort als externer link zu maps.google.com. Und hier eine Prognose zur Reichweite des 70cm-Teils des Relais, aus [&hellip;]<\/p>\n","protected":false},"author":2,"featured_media":0,"parent":0,"menu_order":10,"comment_status":"closed","ping_status":"open","template":"","meta":{"footnotes":""},"class_list":["post-104","page","type-page","status-publish","hentry"],"_links":{"self":[{"href":"https:\/\/dk5ras.dyndns.org\/www\/db0fue\/wp-json\/wp\/v2\/pages\/104","targetHints":{"allow":["GET"]}}],"collection":[{"href":"https:\/\/dk5ras.dyndns.org\/www\/db0fue\/wp-json\/wp\/v2\/pages"}],"about":[{"href":"https:\/\/dk5ras.dyndns.org\/www\/db0fue\/wp-json\/wp\/v2\/types\/page"}],"author":[{"embeddable":true,"href":"https:\/\/dk5ras.dyndns.org\/www\/db0fue\/wp-json\/wp\/v2\/users\/2"}],"replies":[{"embeddable":true,"href":"https:\/\/dk5ras.dyndns.org\/www\/db0fue\/wp-json\/wp\/v2\/comments?post=104"}],"version-history":[{"count":0,"href":"https:\/\/dk5ras.dyndns.org\/www\/db0fue\/wp-json\/wp\/v2\/pages\/104\/revisions"}],"wp:attachment":[{"href":"https:\/\/dk5ras.dyndns.org\/www\/db0fue\/wp-json\/wp\/v2\/media?parent=104"}],"curies":[{"name":"wp","href":"https:\/\/api.w.org\/{rel}","templated":true}]}}